2439 composite?
True
Is 14173 composite?
False
Is 35617 composite?
False
Is 4089801 composite?
True
Is 29009 composite?
False
Is 6563 a prime number?
True
Is 291 prime?
False
Is 190565 composite?
True
Is 37621 prime?
False
Is 56759 prime?
False
Is 51749 a composite number?
False
Is 446 composite?
True
Is 12115 prime?
False
Is 57701 prime?
False
Is 67109 a prime number?
False
Is 213637 composite?
False
Is 702053 composite?
True
Is 5921 a composite number?
True
Is 41113 a composite number?
False
Is 688591 a composite number?
False
Is 30427 prime?
True
Is 568049 composite?
False
Is 5583 composite?
True
Is 109 a prime number?
True
Is 1058957 composite?
True
Is 3221 composite?
False
Is 15251 a prime number?
False
Is 8807 a composite number?
False
Is 2333 a composite number?
False
Is 10551 prime?
False
Is 6773 a prime number?
False
Is 3265 a prime number?
False
Is 4839 prime?
False
Is 51971 a composite number?
False
Is 48563 a prime number?
True
Is 17257 a composite number?
False
Is 58523 prime?
False
Is 126571 prime?
False
Is 344227 prime?
False
Is 14563 a composite number?
False
Is 15427 prime?
True
Is 86399 prime?
True
Is 282073 prime?
False
Is 276733 a composite number?
True
Is 47933 a composite number?
False
Is 373553 composite?
False
Is 4900187 composite?
False
Is 16331 prime?
False
Is 1688497 a prime number?
True
Is 134077 composite?
False
Is 11081 a composite number?
True
Is 473377 prime?
True
Is 938491 a composite number?
False
Is 1730351 composite?
True
Is 3407 composite?
False
Is 7393 composite?
False
Is 7971 a composite number?
True
Is 914021 a composite number?
False
Is 34637 a composite number?
True
Is 2302217 composite?
False
Is 57413 prime?
True
Is 1760159 a composite number?
False
Is 549397 composite?
True
Is 38971 a composite number?
False
Is 92549 a composite number?
True
Is 3649 prime?
False
Is 52247 composite?
True
Is 4111 a composite number?
False
Is 18637 a composite number?
False
Is 26387 composite?
False
Is 713699 composite?
True
Is 3083 composite?
False
Is 187727 composite?
True
Is 46711 a composite number?
True
Is 975967 composite?
False
Is 293 prime?
True
Is 33973 a composite number?
True
Is 105673 prime?
True
Is 16795 a prime number?
False
Is 48154 a composite number?
True
Is 749891 a prime number?
True
Is 563447 a composite number?
False
Is 20567 a composite number?
True
Is 10369 a composite number?
False
Is 43669 composite?
False
Is 234373 prime?
False
Is 145 a prime number?
False
Is 28429 composite?
False
Is 519217 a composite number?
False
Is 2345597 composite?
True
Is 1856411 a prime number?
True
Is 6397 a prime number?
True
Is 891611 a prime number?
False
Is 710247 a prime number?
False
Is 2062 a composite number?
True
Is 95005 a prime number?
False
Is 50833 a prime number?
True
Is 418687 a prime number?
False
Is 28115 composite?
True
Is 27311 prime?
False
Is 16843 prime?
True
Is 7069 a prime number?
True
Is 43261 a composite number?
False
Is 31883 composite?
False
Is 65014 a composite number?
True
Is 724091 a prime number?
False
Is 2671771 a composite number?
True
Is 55795 a prime number?
False
Is 587 a prime number?
True
Is 6007 prime?
True
Is 1089202 a composite number?
True
Is 544955 composite?
True
Is 20681 a prime number?
True
Is 805499 a prime number?
True
Is 1466849 prime?
False
Is 23605 a prime number?
False
Is 34061 a composite number?
False
Is 8197 a composite number?
True
Is 90037 a composite number?
True
Is 66167 prime?
False
Is 48751 prime?
True
Is 4411 a composite number?
True
Is 15619 composite?
False
Is 205969 composite?
True
Is 1483059 a composite number?
True
Is 136387 a composite number?
True
Is 2531 a prime number?
True
Is 36257 prime?
False
Is 997 composite?
False
Is 68767 a prime number?
True
Is 1414427 a composite number?
True
Is 7001 prime?
True
Is 5779 a composite number?
False
Is 126523 composite?
True
Is 142079 a prime number?
False
Is 18635 a prime number?
False
Is 999914 a prime number?
False
Is 96699 a prime number?
False
Is 10021 a prime number?
False
Is 218159 prime?
False
Is 2509483 a prime number?
True
Is 466009 prime?
True
Is 151141 composite?
False
Is 18637 composite?
False
Is 61913 prime?
False
Is 12391 composite?
False
Is 1071293 composite?
True
Is 178171 prime?
False
Is 76091 composite?
False
Is 1223 prime?
True
Is 8461 a composite number?
False
Is 468019 a composite number?
False
Is 9239 a prime number?
True
Is 98317 a prime number?
True
Is 8039 a prime number?
True
Is 842 a prime number?
False
Is 2754329 composite?
False
Is 3749 a prime number?
False
Is 742249 composite?
True
Is 1921919 a prime number?
True
Is 2579 a prime number?
True
Is 9533 a composite number?
False
Is 193541 a prime number?
True
Is 3683 composite?
True
Is 8191 a composite number?
False
Is 1751 prime?
False
Is 7613 prime?
False
Is 1249 prime?
True
Is 20067 a composite number?
True
Is 8263 prime?
True
Is 733 a prime number?
True
Is 693221 composite?
True
Is 13241 a composite number?
False
Is 2129 a composite number?
False
Is 289487 prime?
False
Is 4705 prime?
False
Is 4151 prime?
False
Is 2117 prime?
False
Is 489327 composite?
True
Is 3692107 prime?
True
Is 4265403 prime?
False
Is 14081 a composite number?
False
Is 1735165 composite?
True
Is 564701 a prime number?
True
Is 9917 prime?
False
Is 23979 a composite number?
True
Is 149218 a prime number?
False
Is 914 a composite number?
True
Is 53645 composite?
True
Is 15815 prime?
False
Is 940649 a prime number?
True
Is 31669 a prime number?
False
Is 5273 a prime number?
True
Is 52157 composite?
True
Is 9719 composite?
False
Is 88073 a prime number?
False
Is 65809 prime?
True
Is 33365 prime?
False
Is 640039 a prime number?
True
Is 352255 a prime number?
False
Is 118099 composite?
True
Is 6663 a prime number?
False
Is 6707 a composite number?
True
Is 627659 a prime number?
True
Is 247873 a composite number?
False
Is 22426 a composite number?
True
Is 231359 a composite number?
False
Is 66221 prime?
True
Is 22891 a composite number?
True
Is 7433 composite?
False
Is 9543 a composite number?
True
Is 5218 prime?
False
Is 14359 composite?
True
Is 9127 a composite number?
False
Is 14051 prime?
True
Is 8561 composite?
True
Is 395061 prime?
False
Is 3932867 a composite number?
True
Is 87071 composite?
False
Is 350863 composite?
True
Is 8327 composite?
True
Is 23461 composite?
True
Is 83203 a composite number?
False
Is 149494 a prime number?
False
Is 5718431 a composite number?
False
Is 177 composite?
True
Is 2179 prime?
True
Is 405661 a prime number?
False
Is 65479 composite?
False
Is 17639 a prime number?
False
Is 5113 a composite number?
False
Is 1668053 a composite number?
False
Is 2094263 a composite number?
True
Is 1055 a prime number?
False
Is 331277 a prime number?
True
Is 4703 a prime number?
True
Is 59 prime?
True
Is 342811 prime?
False
Is 4393 a composite number?
True
Is 37463 prime?
True
Is 62767 prime?
False
Is 741093 composite?
True
Is 314107 prime?
True
Is 919 a prime number?
True
Is 842 a composite number?
True
Is 359818 prime?
False
Is 2811 composite?
True
Is 721397 a composite number?
False
Is 379199 a composite number?
False
Is 617347 a composite number?
True
Is 50951 prime?
True
Is 20287 composite?
False
Is 11246 a prime number?
False
Is 508291 a composite number?
True
Is 4637351 a composite number?
False
Is 75659 composite?
False
Is 101737 a composite number?
False
Is 20141 composite?
True
Is 1673929 prime?
False
Is 5189 a prime number?
True
Is 54177 a composite number?
True
Is 745601 a prime number?
True
Is 564173 composite?
False
Is 145 composite?
True
Is 40909 composite?
True
Is 145351 prime?
False
Is 29005 a composite number?
True
Is 2813 a composite number?
True
Is 32687 a prime number?
True
Is 19277 composite?
True
Is 166 a composite number?
True
Is 267 a composite number?
True
Is 7997 a prime number?
False
Is 331717 prime?
False
Is 5557 prime?
True
Is 2181 a prime number?
False
Is 4327 composite?
False
Is 35539 a prime number?
False
Is 100003 a prime number?
True
Is 923 a prime number?
False
Is 816649 composite?
False
Is 68867 prime?
False
Is 9326 a composite number?
True
Is 24599 a prime number?
False
Is 13217 a prime number?
True
Is 9029 prime?
True
Is 9979 composite?
True
Is 3511453 composite?
True
Is 82217 a composite number?
False
Is